{"id":934,"date":"2023-11-14T11:01:54","date_gmt":"2023-11-14T11:01:54","guid":{"rendered":"https:\/\/kukuracook.com\/?page_id=934"},"modified":"2023-11-28T14:11:43","modified_gmt":"2023-11-28T14:11:43","slug":"para-animales","status":"publish","type":"page","link":"https:\/\/kukuracook.com\/index.php\/para-animales\/","title":{"rendered":"Para animales"},"content":{"rendered":"<p>[et_pb_section fb_built=\u00bb1&#8243; custom_padding_last_edited=\u00bbon|tablet\u00bb next_background_color=\u00bb#ffffff\u00bb admin_label=\u00bbHeader\u00bb _builder_version=\u00bb4.4.2&#8243; background_color=\u00bb#fcfaf7&#8243; background_enable_image=\u00bboff\u00bb background_size=\u00bbinitial\u00bb background_position=\u00bbtop_center\u00bb custom_padding=\u00bb||0vw|||\u00bb custom_padding_tablet=\u00bb||0vw|\u00bb custom_padding_phone=\u00bb\u00bb bottom_divider_style=\u00bbwave\u00bb bottom_divider_height=\u00bb80%\u00bb bottom_divider_repeat=\u00bb0.6x\u00bb bottom_divider_flip=\u00bbvertical|horizontal\u00bb][et_pb_row column_structure=\u00bb3_5,2_5&#8243; _builder_version=\u00bb4.4.2&#8243; custom_margin=\u00bb33px|auto||auto||\u00bb custom_margin_tablet=\u00bb||\u00bb custom_margin_phone=\u00bb0px|||\u00bb custom_margin_last_edited=\u00bbon|tablet\u00bb custom_padding=\u00bb14px|||||\u00bb][et_pb_column type=\u00bb3_5&#8243; _builder_version=\u00bb3.25&#8243; custom_padding=\u00bb|||\u00bb custom_padding__hover=\u00bb|||\u00bb][et_pb_text _builder_version=\u00bb4.4.2&#8243; text_line_height=\u00bb1.4em\u00bb header_font=\u00bbCormorant Garamond|700|||||||\u00bb header_text_color=\u00bb#002855&#8243; header_font_size=\u00bb70px\u00bb header_letter_spacing=\u00bb1px\u00bb header_font_size_tablet=\u00bb40px\u00bb header_font_size_phone=\u00bb34px\u00bb header_font_size_last_edited=\u00bbon|desktop\u00bb header_letter_spacing_tablet=\u00bb0px\u00bb header_letter_spacing_phone=\u00bb0px\u00bb header_letter_spacing_last_edited=\u00bbon|tablet\u00bb]<\/p>\n<h1><span style=\"color: #442854;\">\u00a1Bienvenida\u00a0<\/span><\/h1>\n<h1><span style=\"color: #442854; font-size: 70px;\">Kukura Paws!<\/span><\/h1>\n<p>[\/et_pb_text][et_pb_text _builder_version=\u00bb3.27.4&#8243; text_font=\u00bbOpen Sans||||||||\u00bb text_font_size=\u00bb17px\u00bb text_letter_spacing=\u00bb0.5px\u00bb text_line_height=\u00bb2em\u00bb transform_scale_tablet=\u00bb\u00bb transform_scale_phone=\u00bb\u00bb transform_scale_last_edited=\u00bbon|desktop\u00bb transform_translate_tablet=\u00bb\u00bb transform_translate_phone=\u00bb\u00bb transform_translate_last_edited=\u00bbon|desktop\u00bb transform_rotate_tablet=\u00bb\u00bb transform_rotate_phone=\u00bb\u00bb transform_rotate_last_edited=\u00bbon|desktop\u00bb transform_skew_tablet=\u00bb\u00bb transform_skew_phone=\u00bb\u00bb transform_skew_last_edited=\u00bbon|desktop\u00bb transform_origin_tablet=\u00bb\u00bb transform_origin_phone=\u00bb\u00bb transform_origin_last_edited=\u00bbon|desktop\u00bb transform_styles_last_edited=\u00bbon|desktop\u00bb text_font_size_tablet=\u00bb16px\u00bb text_font_size_phone=\u00bb14px\u00bb text_font_size_last_edited=\u00bbon|phone\u00bb text_letter_spacing_tablet=\u00bb\u00bb text_letter_spacing_phone=\u00bb0px\u00bb text_letter_spacing_last_edited=\u00bbon|tablet\u00bb transform_styles_tablet=\u00bb\u00bb transform_styles_phone=\u00bb\u00bb]<\/p>\n<p><span>Ya est\u00e1 aqu\u00ed la nueva l\u00ednea de snacks y pasteler\u00eda para mascotas, \u00a1Kukura Paws! Snacks, galletas, pupcakes, dognuts, dogminolas&#8230;\u00a1todo para ellos! Porque se merecen todo y m\u00e1s\u00a0\ud83e\udd70 Por supuesto las elaboramos con ingredientes pensados para su bienestar y felicidad (te cuento m\u00e1s en esta p\u00e1gina). Porque mimarlos&#8230; \u00a1es un gustazo!<\/span><\/p>\n<p>[\/et_pb_text][\/et_pb_column][et_pb_column type=\u00bb2_5&#8243; _builder_version=\u00bb3.25&#8243; custom_padding=\u00bb|||\u00bb custom_padding__hover=\u00bb|||\u00bb][et_pb_image src=\u00bbhttp:\/\/kukuracook.com\/wp-content\/uploads\/2023\/11\/6555f04ba98f59000de43a48.png\u00bb align=\u00bbright\u00bb show_bottom_space_tablet=\u00bb\u00bb show_bottom_space_phone=\u00bb\u00bb show_bottom_space_last_edited=\u00bbon|phone\u00bb _builder_version=\u00bb4.4.2&#8243; transform_scale=\u00bb116%|116%\u00bb transform_scale_tablet=\u00bb100%|100%\u00bb transform_scale_phone=\u00bb\u00bb transform_scale_last_edited=\u00bbon|tablet\u00bb transform_translate=\u00bb0px|-17px\u00bb transform_translate_tablet=\u00bb\u00bb transform_translate_phone=\u00bb\u00bb transform_translate_last_edited=\u00bbon|desktop\u00bb transform_translate_linked=\u00bboff\u00bb transform_rotate_tablet=\u00bb\u00bb transform_rotate_phone=\u00bb\u00bb transform_rotate_last_edited=\u00bbon|desktop\u00bb transform_skew_tablet=\u00bb\u00bb transform_skew_phone=\u00bb\u00bb transform_skew_last_edited=\u00bbon|desktop\u00bb transform_origin_tablet=\u00bb\u00bb transform_origin_phone=\u00bb\u00bb transform_origin_last_edited=\u00bbon|desktop\u00bb transform_styles_last_edited=\u00bbon|tablet\u00bb width_tablet=\u00bb60%\u00bb width_phone=\u00bb\u00bb width_last_edited=\u00bbon|phone\u00bb max_width=\u00bb150%\u00bb max_height=\u00bb1000px\u00bb custom_margin=\u00bb-95px||||false|false\u00bb custom_padding=\u00bb72px|||||\u00bb transform_styles_tablet=\u00bb\u00bb transform_styles_phone=\u00bb\u00bb always_center_on_mobile=\u00bboff\u00bb][\/et_pb_image][\/et_pb_column][\/et_pb_row][et_pb_row column_structure=\u00bb1_2,1_2&#8243; _builder_version=\u00bb4.4.2&#8243;][et_pb_column type=\u00bb1_2&#8243; _builder_version=\u00bb4.4.2&#8243;][et_pb_button button_url=\u00bb@ET-DC@eyJkeW5hbWljIjp0cnVlLCJjb250ZW50IjoicG9zdF9saW5rX3VybF9wYWdlIiwic2V0dGluZ3MiOnsicG9zdF9pZCI6Ijk0OCJ9fQ==@\u00bb button_text=\u00bbCotillea nuestros productos\u00bb button_alignment=\u00bbleft\u00bb button_alignment_tablet=\u00bb\u00bb button_alignment_phone=\u00bbcenter\u00bb button_alignment_last_edited=\u00bbon|phone\u00bb _builder_version=\u00bb4.4.2&#8243; _dynamic_attributes=\u00bbbutton_url\u00bb custom_button=\u00bbon\u00bb button_text_color=\u00bb#ffffff\u00bb button_bg_use_color_gradient=\u00bbon\u00bb button_bg_color_gradient_start=\u00bb#b67bd8&#8243; button_bg_color_gradient_end=\u00bb#68a0cc\u00bb button_bg_color_gradient_direction=\u00bb-60deg\u00bb button_border_width=\u00bb0px\u00bb button_border_radius=\u00bb6px\u00bb button_font=\u00bbCormorant Garamond|700|||||||\u00bb custom_margin=\u00bb|||0px|false|false\u00bb custom_padding=\u00bb10px|40px|10px|40px|true|true\u00bb box_shadow_style=\u00bbpreset3&#8243; box_shadow_color=\u00bb#d6d6d6&#8243; locked=\u00bboff\u00bb][\/et_pb_button][\/et_pb_column][et_pb_column type=\u00bb1_2&#8243; _builder_version=\u00bb4.4.2&#8243;][\/et_pb_column][\/et_pb_row][\/et_pb_section][et_pb_section fb_built=\u00bb1&#8243; next_background_color=\u00bb#fcfaf7&#8243; admin_label=\u00bbProducts\u00bb _builder_version=\u00bb4.4.2&#8243; background_color=\u00bb#ffffff\u00bb background_image=\u00bbhttp:\/\/kukuracook.com\/wp-content\/uploads\/2023\/02\/farm-18.png\u00bb background_size=\u00bbinitial\u00bb background_position=\u00bbtop_center\u00bb custom_margin_tablet=\u00bb\u00bb custom_margin_phone=\u00bb-82px||||false|false\u00bb custom_margin_last_edited=\u00bbon|phone\u00bb bottom_divider_style=\u00bbwave\u00bb bottom_divider_height=\u00bb70%\u00bb bottom_divider_repeat=\u00bb0.7x\u00bb][et_pb_row _builder_version=\u00bb3.25&#8243;][et_pb_column type=\u00bb4_4&#8243; _builder_version=\u00bb3.25&#8243; custom_padding=\u00bb|||\u00bb custom_padding__hover=\u00bb|||\u00bb][et_pb_text _builder_version=\u00bb4.4.2&#8243; text_font=\u00bb||||||||\u00bb header_font=\u00bb||||||||\u00bb header_2_font=\u00bbCormorant Garamond|700|||||||\u00bb header_2_text_color=\u00bb#002855&#8243; header_2_font_size=\u00bb50px\u00bb header_2_line_height=\u00bb1.2em\u00bb text_orientation=\u00bbcenter\u00bb max_width=\u00bb600px\u00bb module_alignment=\u00bbcenter\u00bb header_2_font_size_tablet=\u00bb36px\u00bb header_2_font_size_phone=\u00bb28px\u00bb header_2_font_size_last_edited=\u00bbon|phone\u00bb header_2_letter_spacing_tablet=\u00bb0px\u00bb header_2_letter_spacing_phone=\u00bb0px\u00bb header_2_letter_spacing_last_edited=\u00bboff|tablet\u00bb locked=\u00bboff\u00bb]<\/p>\n<h2><span style=\"color: #442854;\">Los Ingredientes<\/span><\/h2>\n<p>[\/et_pb_text][\/et_pb_column][\/et_pb_row][et_pb_row column_structure=\u00bb1_2,1_2&#8243; _builder_version=\u00bb3.25&#8243;][et_pb_column type=\u00bb1_2&#8243; _builder_version=\u00bb3.25&#8243; custom_padding=\u00bb|||\u00bb custom_padding__hover=\u00bb|||\u00bb][et_pb_blurb title=\u00bbHarinas Integrales\u00bb image=\u00bbhttp:\/\/kukuracook.com\/wp-content\/uploads\/2023\/02\/harina.png\u00bb icon_placement=\u00bbleft\u00bb image_max_width=\u00bb90px\u00bb content_max_width=\u00bb800px\u00bb icon_placement_tablet=\u00bb\u00bb icon_placement_phone=\u00bbtop\u00bb icon_placement_last_edited=\u00bbon|phone\u00bb image_max_width_tablet=\u00bb\u00bb image_max_width_phone=\u00bb60px\u00bb image_max_width_last_edited=\u00bbon|phone\u00bb _builder_version=\u00bb4.4.2&#8243; header_font=\u00bbCormorant Garamond|700|||||||\u00bb header_font_size=\u00bb26px\u00bb body_font=\u00bb||||||||\u00bb body_font_size=\u00bb15px\u00bb body_line_height=\u00bb2em\u00bb background_color=\u00bb#7261a0&#8243; background_color_gradient_direction=\u00bb-60deg\u00bb transform_scale=\u00bb110%|110%\u00bb background_layout=\u00bbdark\u00bb custom_margin=\u00bb||50px\u00bb custom_padding=\u00bb30px|30px|30px|30px|true|true\u00bb animation=\u00bboff\u00bb header_font_size_tablet=\u00bb\u00bb header_font_size_phone=\u00bb21px\u00bb header_font_size_last_edited=\u00bbon|phone\u00bb body_font_size_tablet=\u00bb\u00bb body_font_size_phone=\u00bb14px\u00bb body_font_size_last_edited=\u00bbon|phone\u00bb body_line_height_tablet=\u00bb\u00bb body_line_height_phone=\u00bb1.8em\u00bb body_line_height_last_edited=\u00bbon|phone\u00bb border_radii=\u00bbon|6px|6px|6px|6px\u00bb box_shadow_style=\u00bbpreset1&#8243; box_shadow_vertical=\u00bb20px\u00bb box_shadow_blur=\u00bb40px\u00bb box_shadow_spread=\u00bb-21px\u00bb box_shadow_color=\u00bb#b393c4&#8243; locked=\u00bboff\u00bb]<\/p>\n<p>Para elaborar todas las recetas utilizamos siempre harinas 100% integrales.<\/p>\n<p>[\/et_pb_blurb][et_pb_blurb title=\u00bbFrutas y Verduras\u00bb image=\u00bbhttp:\/\/kukuracook.com\/wp-content\/uploads\/2023\/02\/banana.png\u00bb icon_placement=\u00bbleft\u00bb image_max_width=\u00bb90px\u00bb content_max_width=\u00bb800px\u00bb icon_placement_tablet=\u00bb\u00bb icon_placement_phone=\u00bbtop\u00bb icon_placement_last_edited=\u00bbon|phone\u00bb image_max_width_tablet=\u00bb\u00bb image_max_width_phone=\u00bb60px\u00bb image_max_width_last_edited=\u00bbon|phone\u00bb _builder_version=\u00bb4.4.2&#8243; header_font=\u00bbCormorant Garamond|700|||||||\u00bb header_text_color=\u00bb#32855E\u00bb header_font_size=\u00bb26px\u00bb body_font=\u00bb||||||||\u00bb body_font_size=\u00bb15px\u00bb body_line_height=\u00bb2em\u00bb background_color=\u00bb#ffffff\u00bb background_color_gradient_direction=\u00bb-60deg\u00bb custom_margin=\u00bb||50px\u00bb custom_padding=\u00bb61px|30px|52px|30px|false|true\u00bb animation=\u00bboff\u00bb header_font_size_tablet=\u00bb\u00bb header_font_size_phone=\u00bb21px\u00bb header_font_size_last_edited=\u00bbon|phone\u00bb body_font_size_tablet=\u00bb\u00bb body_font_size_phone=\u00bb14px\u00bb body_font_size_last_edited=\u00bbon|phone\u00bb body_line_height_tablet=\u00bb\u00bb body_line_height_phone=\u00bb1.8em\u00bb body_line_height_last_edited=\u00bbon|phone\u00bb border_radii=\u00bbon|6px|6px|6px|6px\u00bb box_shadow_style=\u00bbpreset6&#8243; box_shadow_blur=\u00bb0px\u00bb box_shadow_spread=\u00bb2px\u00bb box_shadow_color=\u00bbrgba(0,0,0,0.1)\u00bb locked=\u00bboff\u00bb]<\/p>\n<p>Muchas de nuestras recetas incluyen frutas o verduras como pl\u00e1tano, manzana, calabaza, zanahoria&#8230; A\u00f1adiendo as\u00ed a los snacks valor nutricional para tu peludo.<\/p>\n<p>[\/et_pb_blurb][et_pb_blurb title=\u00bbCarnes y caldos\u00bb image=\u00bbhttp:\/\/kukuracook.com\/wp-content\/uploads\/2023\/11\/tocino.png\u00bb icon_placement=\u00bbleft\u00bb image_max_width=\u00bb90px\u00bb content_max_width=\u00bb800px\u00bb icon_placement_tablet=\u00bb\u00bb icon_placement_phone=\u00bbtop\u00bb icon_placement_last_edited=\u00bbon|phone\u00bb image_max_width_tablet=\u00bb\u00bb image_max_width_phone=\u00bb60px\u00bb image_max_width_last_edited=\u00bbon|phone\u00bb _builder_version=\u00bb4.4.2&#8243; header_font=\u00bbCormorant Garamond|700|||||||\u00bb header_text_color=\u00bb#32855E\u00bb header_font_size=\u00bb26px\u00bb body_font=\u00bb||||||||\u00bb body_font_size=\u00bb15px\u00bb body_line_height=\u00bb2em\u00bb background_color=\u00bb#ffffff\u00bb background_color_gradient_direction=\u00bb-60deg\u00bb custom_margin=\u00bb||50px\u00bb custom_padding=\u00bb61px|30px|52px|30px|false|true\u00bb animation=\u00bboff\u00bb header_font_size_tablet=\u00bb\u00bb header_font_size_phone=\u00bb21px\u00bb header_font_size_last_edited=\u00bbon|phone\u00bb body_font_size_tablet=\u00bb\u00bb body_font_size_phone=\u00bb14px\u00bb body_font_size_last_edited=\u00bbon|phone\u00bb body_line_height_tablet=\u00bb\u00bb body_line_height_phone=\u00bb1.8em\u00bb body_line_height_last_edited=\u00bbon|phone\u00bb border_radii=\u00bbon|6px|6px|6px|6px\u00bb box_shadow_style=\u00bbpreset6&#8243; box_shadow_blur=\u00bb0px\u00bb box_shadow_spread=\u00bb2px\u00bb box_shadow_color=\u00bbrgba(0,0,0,0.1)\u00bb locked=\u00bboff\u00bb]<\/p>\n<p>Cuando utilizamos caldo para las recetas es caldo casero de pollo, hecho como en casa por tu yaya, chup chup y poco a poco. Eso s\u00ed, \u00a1sin sal! Algunos sabores adem\u00e1s a\u00f1aden bacon (les pirria), trocitos de pollo&#8230; Todo lo elaboramos desde cero \ud83d\ude42\u00a0<\/p>\n<p>[\/et_pb_blurb][\/et_pb_column][et_pb_column type=\u00bb1_2&#8243; _builder_version=\u00bb3.25&#8243; custom_padding=\u00bb|||\u00bb custom_padding__hover=\u00bb|||\u00bb][et_pb_blurb title=\u00bbGrasas \u00bb image=\u00bbhttp:\/\/kukuracook.com\/wp-content\/uploads\/2023\/02\/aceite-de-oliva.png\u00bb icon_placement=\u00bbleft\u00bb image_max_width=\u00bb90px\u00bb content_max_width=\u00bb800px\u00bb icon_placement_tablet=\u00bb\u00bb icon_placement_phone=\u00bbtop\u00bb icon_placement_last_edited=\u00bbon|phone\u00bb image_max_width_tablet=\u00bb\u00bb image_max_width_phone=\u00bb60px\u00bb image_max_width_last_edited=\u00bbon|phone\u00bb _builder_version=\u00bb4.4.2&#8243; header_font=\u00bbCormorant Garamond|700|||||||\u00bb header_text_color=\u00bb#32855E\u00bb header_font_size=\u00bb26px\u00bb body_font=\u00bb||||||||\u00bb body_font_size=\u00bb15px\u00bb body_line_height=\u00bb2em\u00bb background_color=\u00bb#ffffff\u00bb background_color_gradient_direction=\u00bb-60deg\u00bb custom_margin=\u00bb||50px\u00bb custom_margin_tablet=\u00bb\u00bb custom_margin_phone=\u00bb36px||||false|false\u00bb custom_margin_last_edited=\u00bbon|phone\u00bb custom_padding=\u00bb30px|30px|30px|30px|true|true\u00bb animation=\u00bboff\u00bb header_font_size_tablet=\u00bb\u00bb header_font_size_phone=\u00bb21px\u00bb header_font_size_last_edited=\u00bbon|phone\u00bb body_font_size_tablet=\u00bb\u00bb body_font_size_phone=\u00bb14px\u00bb body_font_size_last_edited=\u00bbon|phone\u00bb body_line_height_tablet=\u00bb\u00bb body_line_height_phone=\u00bb1.8em\u00bb body_line_height_last_edited=\u00bbon|phone\u00bb border_radii=\u00bbon|6px|6px|6px|6px\u00bb box_shadow_style=\u00bbpreset6&#8243; box_shadow_blur=\u00bb0px\u00bb box_shadow_spread=\u00bb2px\u00bb box_shadow_color=\u00bbrgba(0,0,0,0.1)\u00bb locked=\u00bboff\u00bb]<\/p>\n<p><span>Si la mayor\u00eda de las recetas de pasteler\u00eda para humanos llevan grasas de mala calidad, \u00a1imagina las de animales! Nosotros utilizamos aceite de oliva, de coco o mantequillas de frutos secos.\u00a0<\/span><\/p>\n<p>[\/et_pb_blurb][et_pb_blurb title=\u00bbL\u00e1cteos\u00bb image=\u00bbhttp:\/\/kukuracook.com\/wp-content\/uploads\/2023\/11\/leche.png\u00bb icon_placement=\u00bbleft\u00bb image_max_width=\u00bb90px\u00bb content_max_width=\u00bb800px\u00bb icon_placement_tablet=\u00bb\u00bb icon_placement_phone=\u00bbtop\u00bb icon_placement_last_edited=\u00bbon|phone\u00bb image_max_width_tablet=\u00bb\u00bb image_max_width_phone=\u00bb60px\u00bb image_max_width_last_edited=\u00bbon|phone\u00bb _builder_version=\u00bb4.4.2&#8243; header_font=\u00bbCormorant Garamond|700|||||||\u00bb header_text_color=\u00bb#32855E\u00bb header_font_size=\u00bb26px\u00bb body_font=\u00bb||||||||\u00bb body_font_size=\u00bb15px\u00bb body_line_height=\u00bb2em\u00bb background_color=\u00bb#ffffff\u00bb background_color_gradient_direction=\u00bb-60deg\u00bb custom_margin=\u00bb||50px\u00bb custom_padding=\u00bb30px|30px|30px|30px|true|true\u00bb animation=\u00bboff\u00bb header_font_size_tablet=\u00bb\u00bb header_font_size_phone=\u00bb21px\u00bb header_font_size_last_edited=\u00bbon|phone\u00bb body_font_size_tablet=\u00bb\u00bb body_font_size_phone=\u00bb14px\u00bb body_font_size_last_edited=\u00bbon|phone\u00bb body_line_height_tablet=\u00bb\u00bb body_line_height_phone=\u00bb1.8em\u00bb body_line_height_last_edited=\u00bbon|phone\u00bb border_radii=\u00bbon|6px|6px|6px|6px\u00bb box_shadow_style=\u00bbpreset6&#8243; box_shadow_blur=\u00bb0px\u00bb box_shadow_spread=\u00bb2px\u00bb box_shadow_color=\u00bbrgba(0,0,0,0.1)\u00bb locked=\u00bboff\u00bb]<\/p>\n<p>Yogur, k\u00e9fir, queso batido&#8230; \u00a1a los peludos les encanta! Y adem\u00e1s les va genial para sus barriguitas. \u00bfY el queso? Siempre queso real, como gouda, cheddar&#8230; Eso s\u00ed, siempre que utilizamos leche, es sin lactosa.<\/p>\n<p>[\/et_pb_blurb][et_pb_blurb title=\u00bbPescados\u00bb image=\u00bbhttp:\/\/kukuracook.com\/wp-content\/uploads\/2023\/11\/comida-enlatada.png\u00bb icon_placement=\u00bbleft\u00bb image_max_width=\u00bb90px\u00bb content_max_width=\u00bb800px\u00bb icon_placement_tablet=\u00bb\u00bb icon_placement_phone=\u00bbtop\u00bb icon_placement_last_edited=\u00bbon|phone\u00bb image_max_width_tablet=\u00bb\u00bb image_max_width_phone=\u00bb60px\u00bb image_max_width_last_edited=\u00bbon|phone\u00bb _builder_version=\u00bb4.4.2&#8243; header_font=\u00bbCormorant Garamond|700|||||||\u00bb header_text_color=\u00bb#32855E\u00bb header_font_size=\u00bb26px\u00bb body_font=\u00bb||||||||\u00bb body_font_size=\u00bb15px\u00bb body_line_height=\u00bb2em\u00bb background_color=\u00bb#ffffff\u00bb background_color_gradient_direction=\u00bb-60deg\u00bb custom_margin=\u00bb||50px\u00bb custom_padding=\u00bb30px|30px|30px|30px|true|true\u00bb animation=\u00bboff\u00bb header_font_size_tablet=\u00bb\u00bb header_font_size_phone=\u00bb21px\u00bb header_font_size_last_edited=\u00bbon|phone\u00bb body_font_size_tablet=\u00bb\u00bb body_font_size_phone=\u00bb14px\u00bb body_font_size_last_edited=\u00bbon|phone\u00bb body_line_height_tablet=\u00bb\u00bb body_line_height_phone=\u00bb1.8em\u00bb body_line_height_last_edited=\u00bbon|phone\u00bb border_radii=\u00bbon|6px|6px|6px|6px\u00bb box_shadow_style=\u00bbpreset6&#8243; box_shadow_blur=\u00bb0px\u00bb box_shadow_spread=\u00bb2px\u00bb box_shadow_color=\u00bbrgba(0,0,0,0.1)\u00bb locked=\u00bboff\u00bb]<\/p>\n<p>Para elaborar los trets utilizamos diferentes pescados, a veces proviene de pescado fresco horneado en el obrador, oras veces enlatado al natural, como el at\u00fan y otras enlatado con aceite de oliva. De todas maneras&#8230;\u00a1les encanta!<\/p>\n<p>[\/et_pb_blurb][\/et_pb_column][\/et_pb_row][\/et_pb_section][et_pb_section fb_built=\u00bb1&#8243; admin_label=\u00bbPricing\u00bb _builder_version=\u00bb4.4.2&#8243; background_color=\u00bb#fcfaf7&#8243; background_size=\u00bbinitial\u00bb custom_padding=\u00bb10vw|||||\u00bb top_divider_height=\u00bb50%\u00bb top_divider_repeat=\u00bb0.4x\u00bb bottom_divider_style=\u00bbwave\u00bb bottom_divider_color=\u00bb#ffffff\u00bb bottom_divider_height=\u00bb80%\u00bb bottom_divider_repeat=\u00bb0.6x\u00bb bottom_divider_flip=\u00bbvertical|horizontal\u00bb locked=\u00bboff\u00bb][\/et_pb_section]<\/p>\n","protected":false},"excerpt":{"rendered":"<p>\u00a1Bienvenida\u00a0 Kukura Paws!Ya est\u00e1 aqu\u00ed la nueva l\u00ednea de snacks y pasteler\u00eda para mascotas, \u00a1Kukura Paws! Snacks, galletas, pupcakes, dognuts, dogminolas&#8230;\u00a1todo para ellos! Porque se merecen todo y m\u00e1s\u00a0\ud83e\udd70 Por supuesto las elaboramos con ingredientes pensados para su bienestar y felicidad (te cuento m\u00e1s en esta p\u00e1gina). Porque mimarlos&#8230; \u00a1es un gustazo!Los IngredientesPara elaborar todas [&hellip;]<\/p>\n","protected":false},"author":1,"featured_media":0,"parent":0,"menu_order":0,"comment_status":"closed","ping_status":"closed","template":"","meta":{"_et_pb_use_builder":"on","_et_pb_old_content":"","_et_gb_content_width":"","om_disable_all_campaigns":false,"_monsterinsights_skip_tracking":false,"_monsterinsights_sitenote_active":false,"_monsterinsights_sitenote_note":"","_monsterinsights_sitenote_category":0,"_joinchat":[],"footnotes":""},"class_list":["post-934","page","type-page","status-publish","hentry"],"aioseo_notices":[],"_links":{"self":[{"href":"https:\/\/kukuracook.com\/index.php\/wp-json\/wp\/v2\/pages\/934","targetHints":{"allow":["GET"]}}],"collection":[{"href":"https:\/\/kukuracook.com\/index.php\/wp-json\/wp\/v2\/pages"}],"about":[{"href":"https:\/\/kukuracook.com\/index.php\/wp-json\/wp\/v2\/types\/page"}],"author":[{"embeddable":true,"href":"https:\/\/kukuracook.com\/index.php\/wp-json\/wp\/v2\/users\/1"}],"replies":[{"embeddable":true,"href":"https:\/\/kukuracook.com\/index.php\/wp-json\/wp\/v2\/comments?post=934"}],"version-history":[{"count":7,"href":"https:\/\/kukuracook.com\/index.php\/wp-json\/wp\/v2\/pages\/934\/revisions"}],"predecessor-version":[{"id":1121,"href":"https:\/\/kukuracook.com\/index.php\/wp-json\/wp\/v2\/pages\/934\/revisions\/1121"}],"wp:attachment":[{"href":"https:\/\/kukuracook.com\/index.php\/wp-json\/wp\/v2\/media?parent=934"}],"curies":[{"name":"wp","href":"https:\/\/api.w.org\/{rel}","templated":true}]}}